b) = b**3 - 11*b**2 - b + 5. Let w be r(11). What is the remainder when (-1 - w) + -2 + 22 is divided by 13?
12
Suppose 5*o - o = 508. Calculate the remainder when o is divided by 13.
10
Let o = 72 + -101. Let d = o + 40. Calculate the remainder when 42 is divided by d.
9
Let b be (-1)/(1/(-7)) - 0. Suppose -5*x - 5*w + 0*w = 35, 5*x - 2*w = -7. Let o = b - x. Calculate the remainder when o is divided by 6.
4
Let w be ((-4)/8)/(2/28). Let k = -1 - w. Suppose x - k = 4. Calculate the remainder when 27 is divided by x.
7
Suppose 10*a + 55 = 165. What is the remainder when 63 is divided by a?
8
What is the remainder when 47 is divided by 4 + (5 - (4 + -2))?
5
Suppose 1 = -d + 4. Suppose 2*h + h - r = -2, d*r = 3*h. What is the remainder when h*1/((-1)/4) is divided by 2?
0
Calculate the remainder when (2/(-8)*-86)/(5/10) is divided by 25.
18
Let n be (-44)/(-8) + (-2)/(-4). Let r(o) = 3*o**2 - 7*o - 2. Suppose 5*v - 116 = -6. What is the remainder when r(n) is divided by v?
20
Let s(l) = -l**3 + 10*l**2 - 7*l + 2. Calculate the remainder when 77 is divided by s(9).
17
Suppose 16*w + 35 = 291. What is the remainder when 61 is divided by w?
13
Let w = 5 - 3. Suppose -123 = -5*t - 2*p, -t + w*p + 14 + 1 = 0. Let z = 309 - 242. Calculate the remainder when z is divided by t.
21
Suppose -4*w = -d - 463, -w - d - 4*d = -100. Calculate the remainder when w is divided by 20.
15
Let n(u) = u**3 + 7*u**2 + 6*u - 7. What is the remainder when 23 is divided by n(-5)?
10
Let o = -17 + 24. Suppose 3*n + 4 = o*n. Let z = 0 + n. What is the remainder when z is divided by 1?
0
Let d(i) = -i**3 + 6*i**2 - 7*i + 5. What is the remainder when 18 is divided by d(3)?
7
Suppose 4*k = 2*k + 32. Calculate the remainder when 31 is divided by k.
15
Suppose -2*t = -3*t + 4. Suppose -t*n + 32 = -0*n. What is the remainder when 15 is divided by n?
7
Suppose 0 = -n + 2*h + 31, 0*n = -3*n - 2*h + 77. Suppose o + f - n = -o, -3*o + 4*f = -13. What is the remainder when 19 is divided by o?
8
Let v be 4/16 + 414/8. Suppose x + 3*u - 12 = 0, -v = -2*x + u - 0*u. What is the remainder when 70 is divided by x?
22
Let t = -11 - -14. Suppose 0*q - 2*q = 3*g - 5, -3*g - 11 = -2*q. Calculate the remainder when q is divided by t.
1
Suppose 3*m - m = 30. What is the remainder when (-7 + 9)/((-6)/(-81)) is divided by m?
12
Let i be (-8)/6 + 2/6. Let b(t) = 2*t**2 - 3*t - 1. Calculate the remainder when b(3) is divided by 0 - -3*i/(-1).
2
Let v be (-6)/15 - 471/(-15). Let p = v - 19. Calculate the remainder when 21 is divided by p.
9
Let u(p) = -p**2 - 7*p - 5. Let a be u(-5). Suppose -4*g + 72 = -4*j, 0 = -a*g - 4*j - 12 + 66. What is the remainder when g is divided by 3?
2
Let m = 48 + -20. Suppose 0 = 2*t + x - 3*x - m, 3*t = 2*x + 41. Calculate the remainder when t is divided by 5.
3
Let z be 45/12*(-32)/(-3). Suppose -4*g + 5*a + z = g, 0 = a - 3. Calculate the remainder when 43 is divided by g.
10
Suppose -4*v + 299 - 723 = 0. What is the remainder when 25 is divided by v/(-8) - (-5)/(-20)?
12
Let x = -136 + 197. Calculate the remainder when x is divided by 7.
5
Let s(b) = 24*b**2 + 2*b + 2. What is the remainder when s(-2) is divided by 19?
18
Let w(c) = -7*c**3 - c**2 - 2*c - 1. Let z be w(2). Let g = z - -102. Let h = g - 24. What is the remainder when 38 is divided by h?
12
Suppose d - 2*d - 18 = -2*p, -3*p - d + 22 = 0. What is the remainder when 28 is divided by p?
4
Let v(o) = o**3 - 5*o**2 + 4*o - 4. Let g be v(3). Let i be (-154)/(-6) + 2/6. Let u = g + i. Calculate the remainder when 47 is divided by u.
15
Let h(s) = -2*s - 5. What is the remainder when h(-10) is divided by 9?
6
Suppose -4*f + 12 = -2*f. Calculate the remainder when 67 - -3*f/(-9) is divided by 22.
21
Let z = -73 - -78. Calculate the remainder when 1 - -10*(2 + -1) is divided by z.
1
Suppose -b = -2*k - k + 63, k + 5*b - 5 = 0. Suppose 20 + k = 4*y. Calculate the remainder when 18 is divided by y.
8
Suppose -3*d + 12 = 0, 0 = -l + 4*d + 10 + 8. Calculate the remainder when l is divided by 9.
7
Suppose 5*k - 470 + 110 = 0. Suppose k = 4*g + 4*b, g + 7*b = 2*b + 14. Calculate the remainder when g is divided by (-1)/(23/(-11) + 2).
8
Calculate the remainder when 44 is divided by 15/1*(2 - 1).
14
Let z(p) = -p**3 - 9*p**2 + 6*p - 10. Calculate the remainder when 57 is divided by z(-10).
27
Calculate the remainder when 83 is divided by (0 - -18) + 1 + -2.
15
Suppose 0 = 4*s + 5*k - 24, 0*k = s + 2*k - 6. Suppose -31*t = -10*t - 105. Calculate the remainder when s is divided by t.
1
Let q(y) = y**2 - 3*y - 6. Let p = -42 + 71. Suppose p = 3*l - 34. Calculate the remainder when l is divided by q(6).
9
Suppose -5*g + 3*v - 2*v - 990 = 0, 0 = 5*v + 25. Let a = g + 286. Suppose -a = 3*r - 6*r. Calculate the remainder when r is divided by 10.
9
Let w(a) = a + 2. Let s be w(3). Suppose 5*l - s = 0, -2 = 4*h + 2*l - 8. Suppose 0 = -0*k + 2*k - 2. Calculate the remainder when k is divided by h.
0
Calculate the remainder when 75 is divided by (-92)/(-69) + 1/((-6)/(-106)).
18
Let k = 31 - 3. Let t be (-1)/(2 - 1) - 61. What is the remainder when k is divided by 3/(-6) - t/4?
13
Suppose -2 = -3*z - 5*p, z - 4*z = -p - 14. Suppose z*l - 2 = 3*l. Let a = 0 - -2. Calculate the remainder when a is divided by l.
0
Let b = 104 - 56. Suppose b = y + 2*y. Let q(f) = -f**3 + 5*f**2 - 2*f + 1. What is the remainder when y is divided by q(4)?
7
Suppose 0 = 3*c + c - 8. Suppose 8 + c = 5*o. What is the remainder when 4 is divided by o?
0
Let f(h) = -2*h**2 + 5*h - 3. Let a be f(3). Let i(g) = -g**3 - g**2 - 4*g - 3. Let s be i(-2). Let k = a + s. What is the remainder when k is divided by 2?
1
Suppose 2 = -3*u - 2*w + 5, -2*u + 12 = -2*w. Let a(g) = -u - 2 + 3*g**3 + 4 + g. What is the remainder when a(1) is divided by 2?
1
Let k = -8 + 17. What is the remainder when 34 is divided by k?
7
Let u(p) = -p**2 + 7*p - 4. Calculate the remainder when 4 is divided by u(6).
0
Let f(n) = 2*n**2 - 7*n + 5. Let y be f(7). Let b be (3/(-2))/(3/(-4)). Let j = y - b. Calculate the remainder when j is divided by 18.
16
Let o = -1 - -7. Suppose -4*k = -o + 2. What is the remainder when k/3 + 159/9 is divided by 10?
8
Let i(z) = 29*z**2 - z. What is the remainder when 89 is divided by i(-1)?
29
Suppose -122 = -5*c - 3*m - 22, -m = 3*c - 60. Calculate the remainder when 35 is divided by c.
15
Let r be (-2)/4 + (-228)/(-8). Let g = 26 + r. Calculate the remainder when g is divided by 19.
16
Let y(i) = 2*i**2 + 2*i - 2. Let t = -13 - -19. Calculate the remainder when y(-3) is divided by t.
4
Suppose -3*m - 5*q = 2*m - 85, -11 = -m + 2*q. Suppose -2*r = 3*r - m. Calculate the remainder when 7 is divided by r.
1
Suppose 5*q + 367 - 1312 = 0. What is the remainder when q is divided by 48?
45
Let d(u) = -u + 2. What is the remainder when 31 is divided by d(-6)?
7
Suppose 4*u - 3 = -2*n + 15, -2*u + 18 = 4*n. Suppose q - 2*g - 2*g = -9, -g = -2*q + u. What is the remainder when 9*q/(-6)*-2 is divided by 5?
4
Suppose 4 = -97*i + 101*i. What is the remainder when (3 + -1)/2*1 is divided by i?
0
Let n = -22 + 23. Suppose 0 = -y - n + 18. What is the remainder when 48 is divided by y?
14
Let q = -10 - -22. What is the remainder when (94/(-3))/((-6)/9) is divided by q?
11
Let u(x) = -x**2 - 14*x - 7. Calculate the remainder when 75 is divided by u(-11).
23
Let u be 61/(3*(-3)/(-9)). Let f = -441 - u. Calculate the remainder when f/(-8) + (-1)/(-4) is divided by 16.
15
Calculate the remainder when 125 is divided by (-9)/(0 + 20/(-8))*5.
17
Let w(i) = 2*i - 5. Let r = 19 + -13. What is the remainder when 17 is divided by w(r)?
3
Let v be (3/(-2))/(3/(-4)). Let c be v*(-102)/2*-1. Suppose -2*k = k - c. Calculate the remainder when k is divided by 12.
10
Suppose 0 = 3*u + 12 - 0, 3*i + 20 = -5*u. Suppose i*r = r - 50. What is the remainder when r is divided by 52/3 - (-2)/(-6)?
16
Let y be 0 + (26 + -2)/(-1). Let x be (0 + 4)*3/6. What is the remainder when 16 is divided by (6/(-8))/(x/y)?
7
Let r = 1 + 1. Let m(v) = v**2 + 2*v - 4. What is the remainder when r - 1 - (-28 - 1) is divided by m(-5)?
8
Let d = 5 - 8. Calculate the remainder when 1 is divided by d*((-6)/(-9) + -1).
0
Suppose -3*n + 8 + 10 = 0. Calculate the remainder when 17 is divided by n.
5
Suppose 